{"id":242,"date":"2021-08-15T17:33:43","date_gmt":"2021-08-15T15:33:43","guid":{"rendered":"http:\/\/cas209.fr\/?page_id=242"},"modified":"2025-01-03T14:48:23","modified_gmt":"2025-01-03T13:48:23","slug":"nos-activites","status":"publish","type":"page","link":"http:\/\/cas209.fr\/?page_id=242","title":{"rendered":"NOS ACTIVITES"},"content":{"rendered":"\r\n<p><b>&bull; Formations<\/b><\/p>\r\n\r\n\r\n\r\n<p>Nous dispensons les formations du niveau I au niveau III, le club est affili\u00e9 \u00e0 la&nbsp;<a href=\"http:\/\/www.ffessm.fr\/\" target=\"_blank\" rel=\"noreferrer noopener\">FFESSM<\/a>.<br>Les formations sont assur\u00e9es par nos moniteurs b\u00e9n\u00e9voles, dans la salle de cours situ\u00e9e \u00e0 la Bodega, pour la partie th\u00e9orique, puis en piscine et en fosse pour la partie pratique.<br>Reportez-vous au&nbsp;calendrier&nbsp;des cours pour prendre connaissance des dates.<\/p>\r\n\r\n\r\n\r\n<p>Selon le nombre de stagiaires, nous formons \u00e9galement des initiateurs club et assurons aussi la formation RIFAP.<\/p>\r\n\r\n\r\n\r\n<p>Notre club ne fait pas la formation des enfants en dessous de 14 ans, ou de 13 ans sur d\u00e9rogation.<\/p>\r\n\r\n\r\n\r\n<p><strong>&bull; Sorties plong\u00e9es<\/strong><\/p>\r\n\r\n\r\n\r\n<p>Les sorties plong\u00e9es se font en milieu naturel&nbsp;:<\/p>\r\n\r\n\r\n\r\n<ul class=\"wp-block-list\"><li>elles concernent les plong\u00e9es techniques pour le passage des niveaux de plong\u00e9e<\/li><li>les plong\u00e9es d\u2019explorations pour les plongeurs d\u00e9sireux de d\u00e9couvrir des sites extraordinaires, \u00e0 travers le monde.<\/li><\/ul>\r\n\r\n\r\n<img loading=\"lazy\" decoding=\"async\" src=\"http:\/\/cas209.fr\/wp-content\/uploads\/2025\/01\/Tortue.jpg\" alt=\"Plong\u00e9e en mer rouge\" width=\"1280\" height=\"720\" class=\"alignnone size-full wp-image-1613\" srcset=\"http:\/\/cas209.fr\/wp-content\/uploads\/2025\/01\/Tortue.jpg 1280w, http:\/\/cas209.fr\/wp-content\/uploads\/2025\/01\/Tortue-768x432.jpg 768w\" sizes=\"auto, (max-width: 1280px) 100vw, 1280px\" \/>\r\n\r\n\r\n<p><strong>&bull; Bapt\u00eames<\/strong><\/p>\r\n\r\n\r\n\r\n<p>Osez et venez faire votre bapt\u00eame de plong\u00e9e, ici, \u00e0 la piscine !<br \/>C&rsquo;est avec plaisir que nous vous ferons appr\u00e9cier ce moment, et qui sait, vous donner l&rsquo;envie de continuer. Nous faisons des bapt\u00eames de plong\u00e9e enfant, profitez des journ\u00e9es portes ouvertes et des journ\u00e9es \u00e9v\u00e8nements pour venir nous rencontrer et profiter de bapt\u00eames en famille.<\/p>\r\n\r\n\r\n\r\n<p><strong>&bull; Hockey subaquatique et tir sur cible<\/strong><\/p>\r\n<p>Tous les jeudis soir, les activit\u00e9s de hockey subaquatique et de tir sur cibles sont propos\u00e9es aux personnes int\u00e9ress\u00e9es. <br \/>\r\nLes s\u00e9ances d&rsquo;entra\u00eenement ont lieu le jeudi de 21h15 \u00e0 22h15, \u00e0 la piscine.<\/p>\r\n\r\n<img loading=\"lazy\" decoding=\"async\" src=\"http:\/\/cas209.fr\/wp-content\/uploads\/2025\/01\/hockey.jpg\" alt=\"\" width=\"1306\" height=\"880\" class=\"alignnone size-full wp-image-1621\" srcset=\"http:\/\/cas209.fr\/wp-content\/uploads\/2025\/01\/hockey.jpg 1306w, http:\/\/cas209.fr\/wp-content\/uploads\/2025\/01\/hockey-768x517.jpg 768w, http:\/\/cas209.fr\/wp-content\/uploads\/2025\/01\/hockey-272x182.jpg 272w\" sizes=\"auto, (max-width: 1306px) 100vw, 1306px\" \/>","protected":false},"excerpt":{"rendered":"<p>&bull; Formations Nous dispensons les formations du niveau I au niveau III, le club est affili\u00e9 \u00e0 la&nbsp;FFESSM.Les formations sont assur\u00e9es par nos moniteurs b\u00e9n\u00e9voles, dans la salle de cours situ\u00e9e \u00e0 la Bodega, pour la partie th\u00e9orique, puis en piscine et en fosse pour la partie pratique.Reportez-vous au&nbsp;calendrier&nbsp;des cours pour prendre connaissance des dates&#8230;.<\/p>\n","protected":false},"author":1,"featured_media":0,"parent":0,"menu_order":0,"comment_status":"closed","ping_status":"closed","template":"","meta":{"footnotes":""},"class_list":["post-242","page","type-page","status-publish","hentry"],"_links":{"self":[{"href":"http:\/\/cas209.fr\/index.php?rest_route=\/wp\/v2\/pages\/242","targetHints":{"allow":["GET"]}}],"collection":[{"href":"http:\/\/cas209.fr\/index.php?rest_route=\/wp\/v2\/pages"}],"about":[{"href":"http:\/\/cas209.fr\/index.php?rest_route=\/wp\/v2\/types\/page"}],"author":[{"embeddable":true,"href":"http:\/\/cas209.fr\/index.php?rest_route=\/wp\/v2\/users\/1"}],"replies":[{"embeddable":true,"href":"http:\/\/cas209.fr\/index.php?rest_route=%2Fwp%2Fv2%2Fcomments&post=242"}],"version-history":[{"count":20,"href":"http:\/\/cas209.fr\/index.php?rest_route=\/wp\/v2\/pages\/242\/revisions"}],"predecessor-version":[{"id":1774,"href":"http:\/\/cas209.fr\/index.php?rest_route=\/wp\/v2\/pages\/242\/revisions\/1774"}],"wp:attachment":[{"href":"http:\/\/cas209.fr\/index.php?rest_route=%2Fwp%2Fv2%2Fmedia&parent=242"}],"curies":[{"name":"wp","href":"https:\/\/api.w.org\/{rel}","templated":true}]}}